= -7*m - 5. Let a(g) = -6*g - 4. Let h(p) = 6*a(p) - 5*y(p). What is the units digit of h(-9)?
0
What is the hundreds digit of (10 - (-11 + -2228)) + 3?
2
Let p = -36 - -21. What is the units digit of (20/25)/((-3)/p)?
4
Let f = 9 + -9. Suppose f*l = 5*l - 145. What is the tens digit of l?
2
Let d(u) = 16*u - 47. What is the units digit of d(22)?
5
Suppose 5*j = 32 + 38. Suppose -3*r = -z + 5*z - 29, 0 = z + 3*r - j. What is the tens digit of (-2 - -4) + (z - -24)?
3
Suppose 51 = 2*d + 2*l - l, l + 41 = 2*d. Let p = 142 + d. Suppose p = 7*k - 2*k. What is the tens digit of k?
3
Let x = 65 - -201. What is the tens digit of x?
6
Let i = 9 + -6. Let c be 119/(-8) - i/24. What is the units digit of c/(-25) - 182/(-5)?
7
Let h = 44 + -13. Suppose -h = -w + 3*d, 35 - 141 = -2*w - 5*d. What is the tens digit of w?
4
Let o = -14 + 8. Let f(b) = b**3 + 5*b**2 - 8*b + 3. Let l be f(o). Suppose -2*m + 3*k - 23 = -3*m, -3*k = -l. What is the units digit of m?
8
Let g(f) = f - 1. Let u be g(-5). What is the tens digit of 50*(27/u)/(-9)?
2
Let g(x) = -x**3 - 8*x**2 - 8*x - 4. Let s be g(-7). Let m be -4 - (-5 - 3) - -2. Suppose -s*p + m*p = 15. What is the units digit of p?
5
Let j be (4 - (-15)/(-5))*0. Suppose -4*g + 84 = -b, -g - g + 2*b + 48 = j. What is the units digit of (31 + 1)*g/40?
6
Suppose 5*m = -4*h + 3689, -h - 9*m + 8*m + 923 = 0. Suppose 0*g - 5*o - h = -4*g, 2*g + 2*o = 454. What is the tens digit of g?
2
Suppose -3*g + i + 621 = 0, -2*i + 836 = 4*g - 6*i. What is the hundreds digit of g?
2
Let q = -3180 + 5002. What is the thousands digit of q?
1
Let u = -324 - -1080. Suppose 9*z + u = 13*z. What is the units digit of z?
9
Let d(q) = q**3 - 10*q**2 - 10*q - 7. Let j be d(11). Let c be j*((-135)/6)/5. Let l = c + 25. What is the units digit of l?
7
Let j = 1548 - 1052. What is the tens digit of j?
9
Suppose 3*c - 2 = 7. Suppose c*p = -4*q + 2*p + 70, 0 = p - 2. Suppose 2*f - 37 = -4*z + f, -f - q = -2*z. What is the units digit of z?
9
Suppose -3*p + 0*x - 14 = -x, -2*x = p - 7. Let c be p + 1 - (-5 + 1). Let h(o) = -o**3 + 4*o**2 - o - 2. What is the units digit of h(c)?
4
Let x(m) = m. Let p(d) = 8*d - 1. Let t(u) = p(u) + 5*x(u). What is the units digit of t(4)?
1
Let t = 31 - 27. Suppose -3*l + 25 = t*h, -3*h = l - 0*l - 10. What is the units digit of l?
7
Let f be 4/5 - ((-5704)/20 - -1). Let p = 446 - f. What is the hundreds digit of p?
1
What is the hundreds digit of (-11 - (-14390)/(-20))*(1 - 3)?
4
Let z be 1112/(-18) - 2/9. Let d(o) = 30*o**3 - o**2 - 2*o - 2. Let m be d(-1). Let h = m - z. What is the tens digit of h?
3
Let l(f) = -f**3 - 4*f**2 + 3*f - 7. Let y be l(-5). Suppose -y*i + 5*b = -194, -3*b + 7*b - 212 = -3*i. Let q = i - 36. What is the tens digit of q?
3
Suppose 2*u - 287 = 3*d, u - 5*u = -2*d - 594. Let l be -4 + 7 + -2 - u. What is the tens digit of (12/18)/((-4)/l)?
2
Let k(n) = -156*n + 2. What is the hundreds digit of k(-2)?
3
Suppose 0 = -5*z + 5363 + 3452. What is the thousands digit of z?
1
What is the units digit of 1/((-1386)/1388 - 2/(-2))?
4
Let u be 6/(-10)*(-1 + -4). Let m be 2 - (0 + u) - -8. Suppose -3*p + m*p = 16. What is the units digit of p?
4
Let m = 5 + -12. Let i be (-1 - 8)/(-3) - 22. Let v = m - i. What is the units digit of v?
2
Let w(p) = p**3 - 7*p**2 + 8. Let c be w(7). Suppose -205 = -c*o + 3*o. Suppose 2*a - 3*j = 57, -5*a + 4*j + o = -112. What is the units digit of a?
3
Suppose 5*h = -2*d + 12, 0*d + 4*d = -h - 12. Suppose 6 = h*s - 2*s. Suppose -s*m + 3*k = 2*k - 123, 4*k = -12. What is the tens digit of m?
4
Let u(j) = 2*j + 26. Let i be u(0). Let f = -21 + i. Suppose -m - 4*m = f*t - 265, 139 = 3*m - 2*t. What is the units digit of m?
9
What is the thousands digit of (-209)/(-95) - (-44956)/20?
2
Suppose 0 = -2*s + f + 1, 5*s + f - 40 = -4*f. Suppose -s*t = 3*i - 42, 5*t - 4 = -2*i + 54. What is the units digit of t?
0
Suppose -3*n = 3*n + 84. Let w be ((-7)/2)/(n/140). Let h = -17 + w. What is the units digit of h?
8
Let r(i) be the third derivative of i**6/720 - i**5/40 + i**4/4 - 5*i**2. Let l(t) be the second derivative of r(t). What is the units digit of l(5)?
2
Suppose -h + 3676 = 2*f, -9164 = -5*f + h + 3*h. Suppose -f = 57*w - 63*w. What is the hundreds digit of w?
3
Let q(n) be the second derivative of -5*n**3/6 - 3*n**2 - 16*n. What is the tens digit of q(-9)?
3
Suppose 2*w + 403 = t, t - 3*w - 1627 = -3*t. What is the units digit of t?
9
What is the units digit of 32045/25 - (-4)/20?
2
Let l = -87 + 206. What is the hundreds digit of l?
1
Let w(o) = 46*o**3. Let u(a) = 15*a**3. Let k(l) = -20*u(l) + 6*w(l). Let i(j) = -j**2 - j + 1. Let x be i(1). What is the tens digit of k(x)?
2
Let c(a) = a + 1. Let f(p) = p**3 - 7*p**2 + 4. Let t be f(7). What is the units digit of c(t)?
5
Suppose 15 = 3*c + 5*b, 3*b - 9 = 4*c - c. Let h(f) = -f**3 + 5*f**2 + 0 + f - 4 + 0 + c. What is the tens digit of h(4)?
1
Let w = 347 + 1273. What is the units digit of w?
0
Suppose c + 8039 = 5*s - 4004, 4*s = 5*c + 9626. What is the tens digit of s?
0
Suppose -26*y + 19899 = -2955. What is the tens digit of y?
7
Let i(x) be the third derivative of 4*x**2 - 1/60*x**5 - 1/12*x**4 - 2/3*x**3 + 0 + 1/120*x**6 + 0*x. What is the units digit of i(3)?
8
Let c(f) = 2*f**3 - 11*f**2 + 4*f - 5. Let v be c(5). What is the tens digit of v/(-12)*3*(-52)/(-5)?
2
Let b = 532 - -265. What is the tens digit of b?
9
Suppose -264 - 65 = -7*v. Let c = 77 - v. What is the tens digit of c?
3
Suppose -40 = -3*a + 5*b, 2*a + 3*b = 3*a - 20. Suppose a*w - 96 - 554 = 0. What is the units digit of w?
0
Suppose 83*q - 86*q = -1947. What is the tens digit of q?
4
Let x(s) be the third derivative of 19*s**5/30 - s**4/8 - s**3/3 + 2*s**2. What is the tens digit of x(-1)?
3
Let j(g) be the second derivative of -34*g**5/5 + g**4/12 - g**3/6 + g**2/2 - 6*g. Let n be j(1). What is the tens digit of n/36*(-20)/3?
2
Let a(q) = -q**3 + 3*q**2 - 3*q + 2. Let j be a(2). Suppose j = 4*v - 79 - 169. What is the tens digit of v?
6
Let m(q) = 67*q - 119. What is the tens digit of m(16)?
5
Let s = 7 - 13. Let r = s - -3. What is the units digit of (56/12)/((-1)/r)?
4
What is the units digit of (0 - (-5964)/8)*10/15?
7
Let w(b) = 10*b + 6. Let m(p) = -9*p - 5. Let y(s) = -5*m(s) - 4*w(s). Let q be y(11). Suppose -3*u + 7*u = q. What is the units digit of u?
4
Let f = -60 + -35. Let c = 24 - f. Suppose c - 14 = 5*b. What is the units digit of b?
1
Let t = -24 + 17. Let g(m) = 3*m - 16. Let j(l) = -4*l + 18. Let i(k) = 7*g(k) + 6*j(k). What is the tens digit of i(t)?
1
What is the hundreds digit of (12/(-2))/(12 - 58131/4842)?
0
What is the units digit of 5537/113 - (9 - -1)?
9
Let m(y) = 3*y**2 + 3*y - 7. Suppose -6*j + 66 = 30. What is the tens digit of m(j)?
1
Let s(a) = -3*a + 56. Let i be s(18). Suppose 2*b + 82 = i*v - v, -5*v + 419 = -b. What is the units digit of v?
4
Suppose -10 = 5*w + 35. Suppose -q - 5 = -15. What is the units digit of (1 - 0) + w + q?
2
Suppose -363 = m + 2*m. Let i = -55 - m. What is the tens digit of i?
6
Let y = 116 - 13. What is the hundreds digit of y?
1
Let z(f) = 5*f - 1. Let a be z(-4). What is the tens digit of (-1351)/a + 4/(-3)?
6
Suppose -4*d + 9 = -h - 9, d = -h + 7. Suppose -h*o = -5*x - 123, 3*x + 65 = 5*o - 233. Let w = o - 34. What is the units digit of w?
5
Let k = 804 + 89. What is the hundreds digit of k?
8
Let w(y) = 64*y - 72. What is the hundreds digit of w(6)?
3
Let c be ((-10)/6 + 2)/(3/153). What is the tens digit of (c - 24)*(-18)/7?
1
What is the units digit of 152/95*(-15)/(-2)?
2
Suppose 3*g - 5*g = 12. Let l be ((-36)/8 - -3)*g. Let j = 37 - l. What is the units digit of j?
8
Let d(c) = -34 - 7*c + 70 + 43*c. What is the units digit of d(4)?
0
Let x(f) = 2*f**2 - 20*f - 90. What is the units digit of x(27)?
8
Suppose 5987 = 5*h - 4*n, -5*h - 5*n + 1737 + 4268 = 0. What is the thousands digit of h?
1
Let x be (-2)/((-9)/45 - 14/30). Suppose x*s = -4*r + 1008, r - 4*s = -9*s + 252. What is the hundreds digit of r?
2
Suppose 4*o + 0*o = 160. Suppose -168 = 38*z - o*z. What is the tens digit of z?
8
Suppose -8*u + 374 = -4*u - 2*l, 0 = 3*u + l - 283. Let x = 66 + u. What is the units digit of x?
0
Suppose -4*g = 4*u - 1056, -349 = -3*g + 4*u + 436. What is the hundreds digit of 